{"id":880,"date":"2018-05-29T11:10:26","date_gmt":"2018-05-29T11:10:26","guid":{"rendered":"http:\/\/xtratheme.com\/default\/?page_id=4"},"modified":"2023-10-15T22:05:04","modified_gmt":"2023-10-15T22:05:04","slug":"anasayfa","status":"publish","type":"page","link":"https:\/\/secnak.com\/omel\/","title":{"rendered":"Anasayfa"},"content":{"rendered":"<div class=\"wpb-content-wrapper\"><p>[vc_row full_width=&#8221;stretch_row_content&#8221; parallax=&#8221;content-moving&#8221;][vc_column video_bg=&#8221;yes&#8221; video_bg_url=&#8221;&#8221;]<div class=\"cz_gap clr  hide_on_tablet hide_on_mobile\" style=\"height: 20px\"><\/div><div class=\"cz_gap show_on_tablet clr \" style=\"height: 100px\"><\/div><div id=\"cz3371\" class=\"cz3371 slick arrows_mlr no_dots\" data-slick='{\"selector\":\"\",\"slidesToShow\":5,\"slidesToScroll\":1,\"rows\":1,\"fade\":false,\"vertical\":false,\"verticalSwiping\":false,\"infinite\":false,\"speed\":1000,\"swipeToSlide\":true,\"centerMode\":false,\"centerPadding\":\"\",\"variableWidth\":false,\"autoplay\":false,\"autoplaySpeed\":4000,\"dots\":true,\"counts\":false,\"adaptiveHeight\":false,\"responsive\":[{\"breakpoint\":769,\"settings\":{\"slidesToShow\":2,\"slidesToScroll\":1,\"touchMove\":true}},{\"breakpoint\":481,\"settings\":{\"slidesToShow\":1,\"slidesToScroll\":1,\"touchMove\":true}}]}' data-slick-prev=\"fa fa-chevron-left\" data-slick-next=\"fa fa-chevron-right\"><div id=\"cz_70830\" class=\"cz_70830\"><div class=\"cz_grid cz_grid_1 clr cz_grid_carousel cz_grid_1_title_sub_after cz_grid_1_bot tal\" data-atts='{\"action\":\"cz_ajax_posts\",\"post_class\":\"cz_grid_item\",\"post__in\":null,\"author__in\":null,\"nonce\":\"1348035ac5\",\"nonce_id\":\"cz_70830\",\"loadmore_end\":\"Not found more posts\",\"layout\":\"cz_grid_carousel\",\"hover\":\"cz_grid_1_title_sub_after\",\"image_size\":\"codevz_600_600\",\"subtitles\":\"%5B%7B%22t%22%3A%22date%22%7D%5D\",\"subtitle_pos\":\"\",\"icon\":\"fa fa-file-text-o\",\"el\":\"\",\"title_lenght\":\"\",\"cat_tax\":\"category\",\"cat\":\"\",\"cat_exclude\":\"\",\"tag_tax\":\"post_tag\",\"tag_id\":\"\",\"tag_exclude\":\"\",\"post_type\":\"portfolio\",\"posts_per_page\":\"9\",\"order\":\"DESC\",\"orderby\":\"date\",\"tilt_data\":null,\"svg_sizes\":[\"600\",\"600\"],\"img_fx\":\"cz_grid_blur\",\"custom_size\":\"\",\"excerpt_rm\":false,\"title_tag\":\"h4\",\"s\":\"\"}'><div class=\"cz_grid_item cz_grid_first\"><\/div><div data-id=\"1870\" class=\"cz_grid_item  cz_posts_list_even post-1870 portfolio type-portfolio status-publish format-standard hentry portfolio_cat-asfalt-endustrisi\"><div class=\"clr\"><a class=\"cz_grid_link cz_grid_blur\" href=\"https:\/\/secnak.com\/omel\/projects\/deneme\/\" title=\"deneme\"><img fetchpriority=\"high\" decoding=\"async\" src=\"data:image\/svg+xml,%3Csvg%20xmlns%3D&#39;http%3A%2F%2Fwww.w3.org%2F2000%2Fsvg&#39;%20width=&#39;1000&#39;%20height=&#39;1000&#39;%20viewBox%3D&#39;0%200%201000%201000&#39;%2F%3E\" data-czlz data-src=\"https:\/\/secnak.com\/omel\/wp-content\/plugins\/codevz-plus\/assets\/img\/p.svg\" class=\"xtra-placeholder \" width=\"1000\" height=\"1000\" alt=\"image\" \/><div class=\"cz_grid_details\"><i class=\"fa fa-file-text-o cz_grid_icon\"><\/i><\/div><\/a><div class=\"cz_grid_details cz_grid_details_outside\"><a class=\"cz_grid_title\" href=\"https:\/\/secnak.com\/omel\/projects\/deneme\/\"><h4>deneme<\/h4><\/a><small class=\"clr\"><span class=\"cz_post_data cz_data_date\"><a href=\"https:\/\/secnak.com\/omel\/projects\/deneme\/\">Ekim 15, 2023<\/a><\/span><\/small><\/div><\/div><\/div><div data-id=\"263\" class=\"cz_grid_item  cz_posts_list_odd post-263 portfolio type-portfolio status-publish format-standard has-post-thumbnail hentry portfolio_cat-omel-muhendislik\"><div class=\"clr\"><a class=\"cz_grid_link cz_grid_blur\" href=\"https:\/\/secnak.com\/omel\/projects\/agrega-tesisleri-otomasyonu\/\" title=\"Agrega Tesisleri Otomasyonu\"><img decoding=\"async\" width=\"600\" height=\"600\" src=\"data:image\/svg+xml,%3Csvg%20xmlns%3D&#39;http%3A%2F%2Fwww.w3.org%2F2000%2Fsvg&#39;%20width=&#39;600&#39;%20height=&#39;600&#39;%20viewBox%3D&#39;0%200%20600%20600&#39;%2F%3E\" data-czlz data-src=\"https:\/\/secnak.com\/omel\/wp-content\/uploads\/2023\/04\/20631c120b0f1b5ae04e1f26de354827fbee726d-600x600.webp\" class=\"attachment-codevz_600_600\" alt=\"\" title=\"20631c120b0f1b5ae04e1f26de354827fbee726d\" data-srcset=\"https:\/\/secnak.com\/omel\/wp-content\/uploads\/2023\/04\/20631c120b0f1b5ae04e1f26de354827fbee726d-600x600.webp 600w, https:\/\/secnak.com\/omel\/wp-content\/uploads\/2023\/04\/20631c120b0f1b5ae04e1f26de354827fbee726d-150x150.webp 150w, https:\/\/secnak.com\/omel\/wp-content\/uploads\/2023\/04\/20631c120b0f1b5ae04e1f26de354827fbee726d-100x100.webp 100w\" data-sizes=\"(max-width: 600px) 100vw, 600px\" \/><div class=\"cz_grid_details\"><i class=\"fa fa-file-text-o cz_grid_icon\"><\/i><\/div><\/a><div class=\"cz_grid_details cz_grid_details_outside\"><a class=\"cz_grid_title\" href=\"https:\/\/secnak.com\/omel\/projects\/agrega-tesisleri-otomasyonu\/\"><h4>Agrega Tesisleri Otomasyonu<\/h4><\/a><small class=\"clr\"><span class=\"cz_post_data cz_data_date\"><a href=\"https:\/\/secnak.com\/omel\/projects\/agrega-tesisleri-otomasyonu\/\">Haziran 12, 2018<\/a><\/span><\/small><\/div><\/div><\/div><\/div><\/div><\/div><div data-cz-style='#cz3371 .slick-list{margin: 0 -5px;clip-path:inset(0 5px 0 5px)}#cz3371 .slick-slide{margin: 0 5px}'><\/div><div class=\"cz_gap clr  hide_on_mobile\" style=\"height: 200px\"><\/div><div class=\"cz_gap show_on_mobile clr\" style=\"height: 150px\"><\/div>[\/vc_column][\/vc_row][vc_row][vc_column][vc_column_text]<\/p>\n<p>[\/vc_column_text][\/vc_column][\/vc_row][vc_row el_class=&#8221;z99&#8243;][vc_column]<div id=\"cz_18321\" class=\"cz_18321 cz_tabs clr cz_tabs_htc cz_tabs_zoom_in\"><div class=\"cz_tabs_content\"><a class=\"cz_tab_a hide\" data-tab=\"cz_89932\" href=\"#\"><\/a><div id=\"cz_89932\" class=\"cz_tab\"><div>[vc_row_inner][vc_column_inner offset=&#8221;vc_col-md-6&#8243; css=&#8221;.vc_custom_1586334221707{padding-right: 30px !important;padding-left: 30px !important;}&#8221;]<div id=\"cz_68754\" class=\"cz_68754 cz_image clr cz_image_no_fx center_on_mobile\"><div class=\"cz_svg_bg\" ><div class=\"cz_image_in\"><div class=\"cz_main_image\"><img decoding=\"async\" width=\"400\" height=\"432\" src=\"data:image\/svg+xml,%3Csvg%20xmlns%3D&#39;http%3A%2F%2Fwww.w3.org%2F2000%2Fsvg&#39;%20width=&#39;400&#39;%20height=&#39;432&#39;%20viewBox%3D&#39;0%200%20400%20432&#39;%2F%3E\" data-czlz data-src=\"https:\/\/secnak.com\/omel\/wp-content\/uploads\/2023\/04\/agrega-tesisleri-endustriyel-otomasyon-400x432-1.jpg\" class=\"attachment-full\" alt=\"\" title=\"agrega-tesisleri-endustriyel-otomasyon-400x432\" data-srcset=\"https:\/\/secnak.com\/omel\/wp-content\/uploads\/2023\/04\/agrega-tesisleri-endustriyel-otomasyon-400x432-1.jpg 400w, https:\/\/secnak.com\/omel\/wp-content\/uploads\/2023\/04\/agrega-tesisleri-endustriyel-otomasyon-400x432-1-278x300.jpg 278w\" data-sizes=\"(max-width: 400px) 100vw, 400px\" \/><\/div><\/div><div class=\"cz_image_caption mt10\">\u00d6mel M\u00fchendislik Elektronik San.veTic.Ltd.\u015eti<\/div><\/div><\/div>[\/vc_column_inner][vc_column_inner offset=&#8221;vc_col-md-6&#8243;]<div class=\"cz_gap clr \" style=\"height: 20px\"><\/div><div id=\"cz_83506\" class=\"cz_83506 cz_title clr cz_mobile_text_center cz_title_pos_inline\"><div class=\"cz_title_shape shape_text cz_shape_1\">About<\/div><div class=\"cz_title_content\"><div class=\"cz_wpe_content\"><h3>Hakk\u0131m\u0131zda<\/h3>\n<h3><span style=\"font-size: 25px; color: #000;\">\u00d6mel M\u00fchendislik<\/span><\/h3>\n<\/div><\/div><\/div><div class=\"cz_gap clr \" style=\"height: 20px\"><\/div><div id=\"cz_99549\" class=\"cz_99549 cz_title clr cz_mobile_text_center cz_title_pos_inline\"><div class=\"cz_title_content\"><div class=\"cz_wpe_content\"><p>1992 y\u0131l\u0131nda kurulmu\u015f olan firmam\u0131z, otomasyon sistemleri konusunda yo\u011fun bir \u015fekilde faaliyet s\u00fcrd\u00fcrmektedir. Sekt\u00f6r\u00fcn \u00f6nc\u00fclerinden olan firmam\u0131z, yurt i\u00e7inde oldu\u011fu kadar yurt d\u0131\u015f\u0131nda da (Rusya, Kazakistan, Irak, Suriye, Pakistan, Makedonya, M\u0131s\u0131r, Yunanistan, Bulgaristan, Arabistan, Azerbaycan, Sudan, Nijerya) \u00f6nemli projelere imza atm\u0131\u015f ve y\u00fczlerce sistemi \u00e7al\u0131\u015f\u0131r halde teslim etmi\u015ftir.<\/p>\n<\/div><\/div><\/div><div class=\"cz_gap clr \" style=\"height: 20px\"><\/div><ul id=\"cz_94500\" class=\"cz_94500 cz_stylish_list clr cz_sl_icon_hover_zoom_in\"><li class=\"clr\"><div class=\"cz_sl_icon\"><i class=\"fa czico-014-cube mr10\" ><\/i><\/div><div><span>Kaliteli Hizmet<\/span><\/div><\/li><li class=\"clr\"><div class=\"cz_sl_icon\"><i class=\"fa czico-014-cube mr10\" ><\/i><\/div><div><span>Zaman\u0131nda Teslim<\/span><\/div><\/li><li class=\"clr\"><div class=\"cz_sl_icon\"><i class=\"fa czico-014-cube mr10\" ><\/i><\/div><div><span>Uzman Ekip<\/span><\/div><\/li><li class=\"clr\"><div class=\"cz_sl_icon\"><i class=\"fa czico-014-cube mr10\" ><\/i><\/div><div><span>Fiyat Avantaj\u0131<\/span><\/div><\/li><\/ul><div class=\"\"><div class=\"cz_95044_p\"><a id=\"cz_95044\" class=\"cz_95044 cz_btn cz_btn_txt_move_up cz_btn_no_fx cz_mobile_btn_center\" href=\"https:\/\/secnak.com\/omel\/hakkimizda\/\"><span><i class=\"fa fa-angle-right\"><\/i><strong>Bizi Daya \u0130yi Tan\u0131y\u0131n<\/strong><\/span><b class=\"cz_btn_onhover\"><i class=\"fa fa-angle-right\"><\/i><strong>Bizi Daya \u0130yi Tan\u0131y\u0131n<\/strong><\/b><\/a><\/div><\/div>[\/vc_column_inner][\/vc_row_inner]<\/div><\/div><\/div><\/div>[\/vc_column][\/vc_row][vc_row][vc_column]<div class=\"cz_gap clr \" style=\"height: 100px\"><\/div>[\/vc_column][\/vc_row][vc_row][vc_column]<div class=\"cz_gap clr \" style=\"height: 100px\"><\/div>[\/vc_column][\/vc_row]<\/p>\n<\/div>","protected":false},"excerpt":{"rendered":"<p>[vc_row full_width=&#8221;stretch_row_content&#8221; parallax=&#8221;content-moving&#8221;][vc_column video_bg=&#8221;yes&#8221; video_bg_url=&#8221;&#8221;][\/vc_column][\/vc_row][vc_row][vc_column][vc_column_text] [\/vc_column_text][\/vc_column][\/vc_row][vc_row el_class=&#8221;z99&#8243;][vc_column][\/vc_column][\/vc_row][vc_row][vc_column][\/vc_column][\/vc_row][vc_row][vc_column][\/vc_column][\/vc_row] &#8230; <a class=\"cz_readmore\" href=\"https:\/\/secnak.com\/omel\/projects\/agrega-tesisleri-otomasyonu\/\"><i class=\"fa fa-angle-right\" aria-hidden=\"true\"><\/i><span>Read More<\/span><\/a><\/p>\n","protected":false},"author":1,"featured_media":0,"parent":0,"menu_order":0,"comment_status":"closed","ping_status":"closed","template":"","meta":{"footnotes":""},"class_list":["post-880","page","type-page","status-publish","hentry"],"jetpack_sharing_enabled":true,"_links":{"self":[{"href":"https:\/\/secnak.com\/omel\/wp-json\/wp\/v2\/pages\/880","targetHints":{"allow":["GET"]}}],"collection":[{"href":"https:\/\/secnak.com\/omel\/wp-json\/wp\/v2\/pages"}],"about":[{"href":"https:\/\/secnak.com\/omel\/wp-json\/wp\/v2\/types\/page"}],"author":[{"embeddable":true,"href":"https:\/\/secnak.com\/omel\/wp-json\/wp\/v2\/users\/1"}],"replies":[{"embeddable":true,"href":"https:\/\/secnak.com\/omel\/wp-json\/wp\/v2\/comments?post=880"}],"version-history":[{"count":127,"href":"https:\/\/secnak.com\/omel\/wp-json\/wp\/v2\/pages\/880\/revisions"}],"predecessor-version":[{"id":1649,"href":"https:\/\/secnak.com\/omel\/wp-json\/wp\/v2\/pages\/880\/revisions\/1649"}],"wp:attachment":[{"href":"https:\/\/secnak.com\/omel\/wp-json\/wp\/v2\/media?parent=880"}],"curies":[{"name":"wp","href":"https:\/\/api.w.org\/{rel}","templated":true}]}}